(-4 + -42)?
27
-240 + -15 + 266 + (-1 - (45 - 1) - 2)
-36
What is 40 + (1042 - 1038) + -1 + -34?
9
What is the value of -2 - 28 - (-53 + (45 - -22))?
-44
What is the value of -1 + 0 + 2 - (-45 - (1 - (86 - 45)))?
6
What is -90 + (11 + 0 - ((19 - 11) + 13) - 1)?
-101
What is the value of 52 + (-4 - 104) - -52?
-4
(3 - -8) + -8 - 1 - (0 + 12) - 43
-53
Evaluate (-7 - (-10 + -4 + -1 + 12)) + -13 + 5.
-12
What is -17 - (17 + (11 + -9 - 35))?
-1
What is -180 + 130 - -15 - (-3 + -174)?
142
What is the value of -41 + 22 + 29 - 3?
7
What is -5 - -15 - 74 - (-42 + 52 + (0 - -4))?
-78
Evaluate -102 + 6 + 21 + 18.
-57
-7 - ((-1 - -11) + -35 + 17 + 15)
-14
What is the value of 11 - (6 - (-2 - 8 - (0 + -11) - -34))?
40
(78 + -99 - -97) + -8
68
What is -445 - -508 - (3 - 7)?
67
What is 23 + (-33 + 13 - (-3 - (-4 + 14)))?
16
Evaluate -28 + 1 + 0 + -21 + -61 + 36 + 37.
-36
Calculate (-15 - 3 - -4) + 153 + -190.
-51
What is the value of -33 - -156 - 33 - (-32 - -55)?
67
What is the value of -85 + (15 - -64) - -105?
99
What is the value of (57 - 36 - 34) + (-2 - 3) + 1?
-17
What is the value of 1 + -5 + 63 + (6 - 65)?
0
What is the value of -29 - (10 - (20 + -16)) - -104?
69
What is -16 - ((-12 + 1 - 3) + (-33 - -24 - -11))?
-4
Evaluate 3 + -1 + 29 + 53 + 70 + -129.
25
-20 + (2 + (5 - 24) - -3)
-34
What is -24 - (19 + (-2 - (4 - -26)))?
-11
Calculate -4 + 48 - (1106 - 1060).
-2
What is (8 + -138 - -3) + (0 + 21 - (-240 - -246))?
-112
What is the value of -34 + 0 - (-673 - -647)?
-8
-26 + -1 + -35 + (47 - 25) - (5 + -1)
-44
Calculate 47 + 33 + -6 - (1 - 50).
123
Evaluate (-45 - 5) + 120 + -83.
-13
Evaluate (-20 + 37 - 37) + 121 + -26.
75
What is the value of -43 + -11 + -1 + -12 + 49 + -25?
-43
(1 - 1 - (-173 + 186) - -10) + 5
2
-29 + -18 + 39 - -16
8
Calculate (-18 - (16 + -32)) + -35 + 45.
8
35 + (-17 - -2) + (6 - (-3 - -5))
24
What is the value of (-217 - (-152 - 26)) + -1 + -1 + (8 - 0)?
-33
Evaluate 4 + 1 - 1 - ((-366 - -218) + 115).
37
What is the value of -2 + 0 + -23 - (-38 + -15)?
28
7 - (-7 + (-30 - (2 + 9 - 6)))
49
What is the value of (0 - -6) + (-46 - 4) - (3 - -2)?
-49
Evaluate 6 + (-4 - (-4 + -8)) - (-154 + 166).
2
What is the value of -45 + 42 + 6 - (2 + -2 + 14)?
-11
Evaluate (-38 - -60) + (-5 - -1) - (76 - 18).
-40
What is -33 + -1 - (-2535 + 2508)?
-7
What is the value of -150 - ((-21 - (-17 - 10)) + -26)?
-130
20 + -4 + -1 + (-70 - (-35 - (-2 - 67)))
-89
Evaluate 1 + -10 + 1 + (-12 - -13) + 6.
-1
-1 + (-84 - (-12 + (-2 - -2) + -227 + 232))
-78
Calculate -14 + -15 + (6 - -29) + 2 + 16.
24
What is the value of -12 - ((-7 - -28) + -3 + -5 - (1 - 11))?
-35
Evaluate -42 + -22 + (26 - (49 + -29)).
-58
Evaluate (-11 - 45 - -101) + -45.
0
Calculate (5 - 58) + -2089 + 2201.
59
84 - (-140 - (38 + -149))
113
What is (-10 - 0) + 9 + -1 + (-6 - 41 - -49)?
0
Calculate (16 - -17) + 0 + -18 - (-1 - 3).
19
What is 93 - (134 - (-107 + 151))?
3
Evaluate (-44 - (-3 - 27)) + (169 - (11 - (-10 + 18))).
152
What is the value of 49 - -3 - (-55 - -39)?
68
-8611 + 8635 - (43 - (0 - 0))
-19
What is (-5 - 1 - (204 - 217)) + -44?
-37
Calculate -404 + 326 + -38 + 25.
-91
Calculate (-16 - (-18 - -16)) + 15 - 10.
-9
What is the value of (-422 - -452) + -1 + (2 - -48)?
79
Calculate -1 + 3 + (-34 - -42) + -35.
-25
What is the value of 76 + (80 - 112 - 131)?
-87
Evaluate (-34 - -23 - -13) + -7 + (-12 - -7).
-10
What is the value of -61 - -203 - (116 + -27)?
53
Evaluate 190 - 14 - (-40 + 135).
81
(-18 - -11) + (-8 - (-1 + -8 + 8))
-14
What is the value of 2 + -2 + -1 - (46 + (-12 - 12) - -15)?
-38
Calculate (-20 - -27) + 1 + 45 + -4 - (-3 + -2).
54
What is the value of (-17 + -91 - -31) + 64?
-13
8 + (1 - 11 - (89 - -29)) + 14
-106
Calculate 94 + -104 + 57 + -15.
32
What is the value of 316 - 312 - (26 + -9)?
-13
Calculate -10 + (9 - 3) + -1 + (-13 - -68).
50
Evaluate -61 - (0 + -53 + -18).
10
What is the value of 55 - ((98 - 57) + 11)?
3
What is the value of 61 - (3 + (4 - 5)) - (21 + 14 + -39)?
63
Calculate (383 - 402) + 4 + (6 - 17).
-26
What is -9 + (-1 + 2 - (9 - 2 - (17 + -1)))?
1
Evaluate 0 + -4 + 3 + 315 + -390.
-76
Evaluate (11 - -21) + -30 + (-7 - 39).
-44
Evaluate (2 - 25) + 1752 + -1790.
-61
Calculate (10 - (21 + 0 + 12 + -9)) + 7 + 20.
13
Evaluate 29 + 25 + 15 + -49 - (11 - 0).
9
What is the value of -8 + (89 - (26 + -17 + 4 + 4 + -8))?
72
Calculate -186 + 177 - (40 + (3 - 1)) - -11.
-40
Calculate 12 - (-23 - (-32 - -40)).
43
Calculate 7 - (4 - 1 - (57 + (-4 - -7)) - -6).
58
What is (-6 - (10 - (10 + -13))) + 22 + -20?
-17
What is -82 + (-23 - -18) + 48?
-39
Calculate (11581 - 11654) + (1 - -40).
-32
Evaluate (-24 - (-3 + -17)) + -40.
-44
What is the value of -161 - 1 - (136 - (-118 - -286))?
-130
What is the value of -1040 + 1050 - (1 + 16)?
-7
What is 17 + -3 - ((17 - -51) + -49) - 66?
-71
-21 + (0 - (-4 + 19 + -21)) + -26
-41
Calculate (-7 - ((-35 - (12 - 27)) + 12)) + -1 + -14.
-14
Calculate 10 + -6 + -10 + 8 + -17.
-15
Evaluate -76 + 23 + -22 + 43.
-32
What is -47 + (-64 + 187 - 12)?
64
(36 - -32) + -85 + 15
-2
Calculate -83 + -42 + 95 + -7 + 33.
-4
(-3 - (-9 + -1 + 8)) + 23 + -7
15
What is 8 + -39 + -49 + 24 + 10?
-46
What is (-18 - (42 + (-57 - -31) + -84)) + 0 + 0?
50
What is the value of 123 + (1 + -66 - (305 + -334))?
87
What is (-5 + 149 + -162 - (-1 + 140)) + 18?
-139
Calculate -12 + (52 - 95) + 69.
14
What is the value of (-41 - -49 - (25 - 1)) + -30?
-46
Evaluate -13 + 64 - (2 + 37 + -2).
14
What is the value of 0 + -2 + -1 - (-8 + 54 + -59)?
10
Calculate (63 - 81) + (372 - 272).
82
What is -1 + -49 - (-35 - (63 + -98))?
-50
What is 6 + -63 - ((0 - 8) + (-72 - -82))?
-59
Evaluate 2 + -3 - 10 - (4 - (-2 + (8 - -14))).
5
Calculate (78 - (23 - -56)) + (87 - (-2 - -2) - 2).
84
What is (-39 - (11 + -40)) + (8 - -1) - -6?
5
8 - (54 - (-14 - -10 - 8 - (-20 - 4)))
-34
(-1 - -6) + -33 + 25 + 14 - -35
46
-178 + 25 - -125 - (70 - -1)
-99
What is (14 - (12 - 1)) + -4 + 2 + 13?
14
(10 + (-36 - (1 + -12)) - 0) + 126
111
Calculate 52 + -35 + (7 - 2 - 5).
17
Evaluate 111 + -52 + -61 + (0 - -22 - 1).
19
(5 - (-77 + 83)) + 37
36
What is the value of (-6 + 10 - 1) + (23 - 102) + 11?
-65
Evaluate (7 - 52) + (70 - -3).
28
6 + -3 + 37 + (33 - 23 - 9) - 7
34
Calculate 1206 + -1219 + -20 + (4 + -2 - 3).
-34
Evaluate 0 + 2 + (-21 + 7 - -30 - 8) - 29.
-19
-7 + (2 - 52) + 3 + (28 - (-13 + 38))
-51
Evaluate -5 + 5 + (195 - 114) - 17.
64
2 - 35 - (1045 - 1060)
-18
What is 6 - (62 - 3) - (3 + -9 + 2)?
-49
Evaluate -9 + 6 + (-14 - -13 - 0) + 1.
-3
What is the value of -1349 - -1343 - (-45 - (1 - 2))?
38
What is the value of 39 - 27 - 42 - -96 - (-1 + 12)?
55
-3 + (-2 - ((34 - -1) + -3)) - (-473 + 476)
-40
(-2 - (3 + -20 - (-13 + 4))) + 32 + 10
48
(-3 + 6 - 2) + (174 - 305) + 6 - -12
-112
What is (-52 - -21) + -37 + 85?
17
What is (-13 - -19) + -31 + (-11 + 6 - (-4 + -1))?
-25
Calculate -73 + (-26 - -116) + -76.
-59
What is the value of 16 - (2 - 8) - 65?
-43
What is -234 - -307 - (-18 + 6)?
85
Evaluate -1030 + 1010 - (-11 + 2).
-11
1 - (10 + 12 + -9 + -52)
40
What is the value of 74 - (24 + 23) - 61?
-34
-14 + 4 + -55 + -67
-132
Evaluate 13 - ((-1 - 10 - (-136 - -101)) + 15).
-26
What is 14 + -19 + -3 + 1 + 9 + (-14 - 0)?
-12
What is the value of -24 + 83 + 26 - (7 + -27)?
105
What is -5 - -1 - ((-105 - -10) + 8) - (-312 - -323)?
72
What is (18 - 8 - 12) + 11 + 5?
14
What is the value of 44 + (34 + -15 - 40) + 34?
57
Calculate -119 - -31 - -51 - -26.
-11
What is the value of 16 + (36 - 146) + 56?
-38
Calculate 0 + 1 + (-5 - 2 - (-1334 - -1310)).
18
Evaluate 7 + -6 + (25 - (0 + 3)) + 12 + -8.
27
What is the value of -2 - (0 - 0) - (40 - (36 + -60 - -46))?
-20
Calculate 25 + (53 - 47) + (-1 - 0) + -17.
13
What is -99 + 69 - 20 - -68?
18
What is -44 + (16 - -18) + -14 + (-4 - -10)?
-18
Calculate (-8 - -1) + 30 + -37 + (8 - -3) + 92.
89
-22 - (-2 + (23 - (-20 + 20)))
-43
22 - ((-1 - -35) + (1426 - 1354))
-84
What is 65 + (-32 - -103) - 64?
72
Calculate 2 - (-6 - (-21 + (2 - -17 - 10))).
-4
Calculate 38 - (51 + (-41 - 26)).
54
What is 35 - (125 + (45 - 7 - 24))?
-104
-29 + -94 + 52 - -165
94
Evaluate 10 + (-2 - -13) + -24 - (-15 - 3).
15
(36 + -1 - -1) + (-1 - (-22 - -6))
51
14 - (16 - -26 - -13) - -19
-22
Evaluate -12 + 4 + 156 + -1164 + 1155.
139
-124 + (-10 - (-15 + 17) - -10 - (